
Is 8694184987 composite?
True
Is 2294895479 a prime number?
False
Is 921776857 a composite number?
True
Is 3231494143 a prime number?
False
Is 1412606621 a composite number?
True
Is 382025206151 prime?
True
Is 74836523 composite?
False
Is 434181047 composite?
False
Is 178789789 a prime number?
True
Is 6405365559 a composite number?
True
Is 768353441 a prime number?
True
Is 449541661 a prime number?
True
Is 98812012433 a composite number?
False
Is 331491436161 a prime number?
False
Is 333488203 prime?
False
Is 45599142937 a prime number?
True
Is 17302965377 a composite number?
True
Is 9316982567 prime?
True
Is 3686437499 a prime number?
True
Is 22744573769 prime?
True
Is 24348593539 prime?
False
Is 1660490951 composite?
True
Is 329370251 a composite number?
True
Is 32240265011 a composite number?
True
Is 106800013 prime?
False
Is 565493639 composite?
True
Is 6519544877 a composite number?
False
Is 345912313679 a composite number?
False
Is 492441913 a composite number?
True
Is 32099909 prime?
True
Is 3666361207 a composite number?
True
Is 2641836667 a prime number?
False
Is 29176013 composite?
False
Is 1490073973 a prime number?
True
Is 22898190911 a prime number?
True
Is 2669513549 a prime number?
True
Is 1713838891 a prime number?
False
Is 1347484441 a prime number?
True
Is 12596219063 a composite number?
False
Is 1077342767 a prime number?
True
Is 4682523683 a composite number?
True
Is 177922541 prime?
False
Is 88047795737 a prime number?
False
Is 57937607311 composite?
True
Is 3444098701 composite?
True
Is 119969741 prime?
True
Is 3414478583 prime?
True
Is 121264944377 a prime number?
True
Is 1970670629 prime?
False
Is 21963436877 a composite number?
True
Is 45646591789 prime?
False
Is 353586767 composite?
True
Is 27158851661 a composite number?
False
Is 100521554609 a prime number?
False
Is 2386920443 a prime number?
False
Is 643899423 a prime number?
False
Is 39423913229 a prime number?
True
Is 39867360922 composite?
True
Is 3072672497 a prime number?
False
Is 233487431 a composite number?
False
Is 1124053646 a prime number?
False
Is 556740511 a prime number?
False
Is 224720063 a composite number?
False
Is 614598067 prime?
True
Is 11260877479 a composite number?
True
Is 3268819297 prime?
False
Is 241327271 prime?
False
Is 2900566913 a composite number?
False
Is 489435379 prime?
True
Is 461336081 composite?
False
Is 2713341053 composite?
False
Is 700024687 a prime number?
False
Is 384964621 a composite number?
True
Is 25536303047 composite?
True
Is 906511387 prime?
True
Is 65359324483 a composite number?
True
Is 979320557 a composite number?
False
Is 70971017723 prime?
True
Is 185129459 a prime number?
True
Is 133928383 a prime number?
True
Is 1952609819 prime?
True
Is 1908481249 prime?
True
Is 1693461019 composite?
False
Is 587880883 a prime number?
False
Is 8383390779 a composite number?
True
Is 1116844943 composite?
True
Is 2498763523 composite?
False
Is 5332415581 a prime number?
False
Is 19902187 a composite number?
False
Is 899503389101 a composite number?
False
Is 4214203009 composite?
False
Is 2672525813 a prime number?
False
Is 330111749 composite?
True
Is 53070847 a prime number?
False
Is 5696191561 composite?
True
Is 50714697557 composite?
False
Is 2439743759 a composite number?
True
Is 87301535297 composite?
False
Is 25766690627 composite?
False
Is 3130958351 prime?
False
Is 8367476353 prime?
True
Is 506648653 prime?
False
Is 59396746291 prime?
True
Is 12202999997 a prime number?
False
Is 44504706397 a composite number?
True
Is 107608173587 a prime number?
True
Is 627827839 prime?
True
Is 4854624571 composite?
False
Is 2135176439 composite?
True
Is 16393597751 composite?
True
Is 1455454877 a prime number?
True
Is 991549747 prime?
False
Is 44581627309 composite?
False
Is 5952537933 composite?
True
Is 76080995447 a prime number?
False
Is 15833813683 composite?
True
Is 1036821613 a prime number?
False
Is 15250357321 composite?
False
Is 1583080519 a prime number?
True
Is 8889715979 composite?
False
Is 10487912471 composite?
True
Is 4491091663 composite?
False
Is 69656435999 a composite number?
True
Is 439696007 a prime number?
False
Is 2341936517 prime?
True
Is 13133386649 composite?
False
Is 46914546101 prime?
False
Is 764540363 prime?
False
Is 155683251203 prime?
True
Is 697686433 a composite number?
True
Is 980666371 composite?
True
Is 313914961 composite?
False
Is 36822883837 composite?
False
Is 60792256121 prime?
True
Is 1570330499 a composite number?
False
Is 3200727001 a prime number?
False
Is 479386847 composite?
True
Is 3554247913 a composite number?
True
Is 18118300873 a prime number?
True
Is 150574867277 a composite number?
False
Is 343962221 a composite number?
False
Is 158331629 a prime number?
True
Is 102923988127 a prime number?
True
Is 6655152467 composite?
False
Is 23335552193 a prime number?
True
Is 2423261693 a composite number?
True
Is 5833709393 a prime number?
True
Is 332461385 a prime number?
False
Is 835631603 composite?
True
Is 31922947873 a composite number?
True
Is 7986045689 a composite number?
False
Is 423992399 composite?
False
Is 8364027673 a composite number?
False
Is 112165483 composite?
True
Is 11356919041 prime?
False
Is 1515930007 composite?
True
Is 308782973 a composite number?
False
Is 465240165721 prime?
False
Is 4514969653 a prime number?
True
Is 259416769 composite?
False
Is 19566382727 prime?
False
Is 9230151373 a prime number?
True
Is 1803324665 a composite number?
True
Is 829483561 composite?
True
Is 1796083733 a prime number?
True
Is 2644091507 a prime number?
False
Is 2374472567 a prime number?
False
Is 152436979 a composite number?
False
Is 11551406821 a prime number?
False
Is 16561165267 composite?
True
Is 46753812821 a prime number?
True
Is 102279231295 prime?
False
Is 470160853 a composite number?
True
Is 9226227077 a composite number?
False
Is 15612589463 composite?
True
Is 8426966087 a composite number?
True
Is 78695401 composite?
False
Is 14420242601 prime?
True
Is 13595355233 a prime number?
True
Is 113729635963 a prime number?
False
Is 321093761 prime?
False
Is 149953707133 a prime number?
True
Is 29801179921 a composite number?
False
Is 537221471 a prime number?
False
Is 23536513027 prime?
True
Is 372109967 prime?
False
Is 328147129 composite?
False
Is 68782193 prime?
True
Is 8456833969 composite?
True
Is 6900710179 composite?
True
Is 9949027169 prime?
True
Is 6350996431 a prime number?
False
Is 84549589 composite?
False
Is 3263159213 a prime number?
True
Is 9767339 a composite number?
False
Is 56110967741 composite?
False
Is 1055949953 composite?
False
Is 32836672945 prime?
False
Is 24714971783 a composite number?
True
Is 757153919 composite?
True
Is 4707346753 a composite number?
True
Is 3515978201 composite?
False
Is 4284602723 composite?
False
Is 44339164343 prime?
True
Is 2313190883 prime?
False
Is 9519088193 a prime number?
True
Is 4266202349 composite?
False
Is 6326875727 prime?
False
Is 1784040553 composite?
True
Is 91730595899 prime?
True
Is 630656578 composite?
True
Is 181085556493 prime?
True
Is 875387777 prime?
False
Is 1809717265 a composite number?
True
Is 14378424701 a prime number?
False
Is 9439116901 composite?
True
Is 607327649 a prime number?
False
Is 82694283499 a composite number?
False
Is 160063488211 a composite number?
True
Is 2435423917 composite?
True
Is 244092673 composite?
True
Is 8858651437 prime?
True
Is 178791929 a prime number?
False
Is 964839037 composite?
False
Is 1771439741 prime?
False
Is 226939519 composite?
True
Is 945886901 composite?
False
Is 210102639 a composite number?
True
Is 49195712669 composite?
False
Is 1623043423 composite?
True
Is 265556965291 a prime number?
True
Is 92542091 a composite number?
False
Is 20902012871 prime?
False
Is 660587671 a prime number?
True
Is 21847735235 a composite number?
True
Is 10872925499 composite?
False
Is 1057214953 a composite number?
True
Is 14993985203 a prime number?
True
Is 4717742753 a composite number?
False
Is 1334480911 a composite number?
True
Is 1692601577 composite?
False
Is 59713757 a composite number?
True
Is 1916612557 composite?
False
Is 495553393 composite?
False
Is 7345344697 a prime number?
True
Is 33526171109 a prime number?
True
Is 17687126726 a prime number?
False
Is 197